{"id":16048,"date":"2025-09-11T16:38:02","date_gmt":"2025-09-11T14:38:02","guid":{"rendered":"https:\/\/www.strelli.be\/shop\/non%20class\u00e9\/k-mer40\/"},"modified":"2025-11-27T12:07:57","modified_gmt":"2025-11-27T11:07:57","slug":"k-mer40","status":"publish","type":"product","link":"https:\/\/www.strelli.be\/nl\/shop\/sjaal\/blackwhite\/k-mer40\/","title":{"rendered":"k-mer40"},"content":{"rendered":"<p>Echarpe unisexe Tiss\u00e9e 100% Laine, motifs ethniques Aqua color\u00e9s<\/p>\n","protected":false},"excerpt":{"rendered":"<p>Composition : 100% Laine<br \/>\nDimension : 70 cm x 180 cm<br \/>\nMade in Belgium<br \/>\nConsigne d\u2019entretien : Nettoyage \u00e0 sec<\/p>\n","protected":false},"featured_media":15948,"template":"","meta":{"_acf_changed":false},"product_brand":[],"product_cat":[148,102,160,100,158],"product_tag":[],"class_list":{"0":"post-16048","1":"product","2":"type-product","3":"status-publish","4":"has-post-thumbnail","6":"product_cat-blackwhite","7":"product_cat-classic-nl","8":"product_cat-mannen","9":"product_cat-sjaal","10":"product_cat-femme-nl","12":"first","13":"instock","14":"shipping-taxable","15":"purchasable","16":"product-type-simple"},"acf":[],"yoast_head":"<!-- This site is optimized with the Yoast SEO plugin v25.3.1 - https:\/\/yoast.com\/wordpress\/plugins\/seo\/ -->\n<title>Echarpe unisexe tiss\u00e9e en laine, dessin ethnique Aqua - Strelli<\/title>\n<meta name=\"description\" content=\"\u00c9charpe unisexe tiss\u00e9e en laine dessins ethnique Aqua, r\u00e9f\u00e9rence MER 40, produite en Belgique, marque Olivier Strelli, 70cm x 180cm\" \/>\n<meta name=\"robots\" content=\"index, follow, max-snippet:-1, max-image-preview:large, max-video-preview:-1\" \/>\n<link rel=\"canonical\" href=\"https:\/\/www.strelli.be\/nl\/shop\/sjaal\/blackwhite\/k-mer40\/\" \/>\n<meta property=\"og:locale\" content=\"nl_NL\" \/>\n<meta property=\"og:type\" content=\"article\" \/>\n<meta property=\"og:title\" content=\"Echarpe unisexe tiss\u00e9e en laine, dessin ethnique Aqua - Strelli\" \/>\n<meta property=\"og:description\" content=\"\u00c9charpe unisexe tiss\u00e9e en laine dessins ethnique Aqua, r\u00e9f\u00e9rence MER 40, produite en Belgique, marque Olivier Strelli, 70cm x 180cm\" \/>\n<meta property=\"og:url\" content=\"https:\/\/www.strelli.be\/nl\/shop\/sjaal\/blackwhite\/k-mer40\/\" \/>\n<meta property=\"og:site_name\" content=\"Olivier Strelli\" \/>\n<meta property=\"article:modified_time\" content=\"2025-11-27T11:07:57+00:00\" \/>\n<meta property=\"og:image\" content=\"https:\/\/www.strelli.be\/wp-content\/uploads\/2025\/09\/mer40tc.jpg\" \/>\n\t<meta property=\"og:image:width\" content=\"1024\" \/>\n\t<meta property=\"og:image:height\" content=\"1280\" \/>\n\t<meta property=\"og:image:type\" content=\"image\/jpeg\" \/>\n<meta name=\"twitter:card\" content=\"summary_large_image\" \/>\n<meta name=\"twitter:label1\" content=\"Geschatte leestijd\" \/>\n\t<meta name=\"twitter:data1\" content=\"1 minuut\" \/>\n<script type=\"application\/ld+json\" class=\"yoast-schema-graph\">{\"@context\":\"https:\/\/schema.org\",\"@graph\":[{\"@type\":\"WebPage\",\"@id\":\"https:\/\/www.strelli.be\/nl\/shop\/sjaal\/blackwhite\/k-mer40\/\",\"url\":\"https:\/\/www.strelli.be\/nl\/shop\/sjaal\/blackwhite\/k-mer40\/\",\"name\":\"Echarpe unisexe tiss\u00e9e en laine, dessin ethnique Aqua - Strelli\",\"isPartOf\":{\"@id\":\"https:\/\/www.strelli.be\/#website\"},\"primaryImageOfPage\":{\"@id\":\"https:\/\/www.strelli.be\/nl\/shop\/sjaal\/blackwhite\/k-mer40\/#primaryimage\"},\"image\":{\"@id\":\"https:\/\/www.strelli.be\/nl\/shop\/sjaal\/blackwhite\/k-mer40\/#primaryimage\"},\"thumbnailUrl\":\"https:\/\/www.strelli.be\/wp-content\/uploads\/2025\/09\/mer40tc.jpg\",\"datePublished\":\"2025-09-11T14:38:02+00:00\",\"dateModified\":\"2025-11-27T11:07:57+00:00\",\"description\":\"\u00c9charpe unisexe tiss\u00e9e en laine dessins ethnique Aqua, r\u00e9f\u00e9rence MER 40, produite en Belgique, marque Olivier Strelli, 70cm x 180cm\",\"breadcrumb\":{\"@id\":\"https:\/\/www.strelli.be\/nl\/shop\/sjaal\/blackwhite\/k-mer40\/#breadcrumb\"},\"inLanguage\":\"nl-NL\",\"potentialAction\":[{\"@type\":\"ReadAction\",\"target\":[\"https:\/\/www.strelli.be\/nl\/shop\/sjaal\/blackwhite\/k-mer40\/\"]}]},{\"@type\":\"ImageObject\",\"inLanguage\":\"nl-NL\",\"@id\":\"https:\/\/www.strelli.be\/nl\/shop\/sjaal\/blackwhite\/k-mer40\/#primaryimage\",\"url\":\"https:\/\/www.strelli.be\/wp-content\/uploads\/2025\/09\/mer40tc.jpg\",\"contentUrl\":\"https:\/\/www.strelli.be\/wp-content\/uploads\/2025\/09\/mer40tc.jpg\",\"width\":1024,\"height\":1280},{\"@type\":\"BreadcrumbList\",\"@id\":\"https:\/\/www.strelli.be\/nl\/shop\/sjaal\/blackwhite\/k-mer40\/#breadcrumb\",\"itemListElement\":[{\"@type\":\"ListItem\",\"position\":1,\"name\":\"Accueil\",\"item\":\"https:\/\/www.strelli.be\/nl\/\"},{\"@type\":\"ListItem\",\"position\":2,\"name\":\"Winkel\",\"item\":\"https:\/\/www.strelli.be\/nl\/winkel\/\"},{\"@type\":\"ListItem\",\"position\":3,\"name\":\"k-mer40\"}]},{\"@type\":\"WebSite\",\"@id\":\"https:\/\/www.strelli.be\/#website\",\"url\":\"https:\/\/www.strelli.be\/\",\"name\":\"Olivier Strelli\",\"description\":\"Les \u00e9charpes tiss\u00e9es, color\u00e9es, cr\u00e9es et fabriqu\u00e9es en Belgique\",\"potentialAction\":[{\"@type\":\"SearchAction\",\"target\":{\"@type\":\"EntryPoint\",\"urlTemplate\":\"https:\/\/www.strelli.be\/?s={search_term_string}\"},\"query-input\":{\"@type\":\"PropertyValueSpecification\",\"valueRequired\":true,\"valueName\":\"search_term_string\"}}],\"inLanguage\":\"nl-NL\"}]}<\/script>\n<!-- \/ Yoast SEO plugin. -->","yoast_head_json":{"title":"Echarpe unisexe tiss\u00e9e en laine, dessin ethnique Aqua - Strelli","description":"\u00c9charpe unisexe tiss\u00e9e en laine dessins ethnique Aqua, r\u00e9f\u00e9rence MER 40, produite en Belgique, marque Olivier Strelli, 70cm x 180cm","robots":{"index":"index","follow":"follow","max-snippet":"max-snippet:-1","max-image-preview":"max-image-preview:large","max-video-preview":"max-video-preview:-1"},"canonical":"https:\/\/www.strelli.be\/nl\/shop\/sjaal\/blackwhite\/k-mer40\/","og_locale":"nl_NL","og_type":"article","og_title":"Echarpe unisexe tiss\u00e9e en laine, dessin ethnique Aqua - Strelli","og_description":"\u00c9charpe unisexe tiss\u00e9e en laine dessins ethnique Aqua, r\u00e9f\u00e9rence MER 40, produite en Belgique, marque Olivier Strelli, 70cm x 180cm","og_url":"https:\/\/www.strelli.be\/nl\/shop\/sjaal\/blackwhite\/k-mer40\/","og_site_name":"Olivier Strelli","article_modified_time":"2025-11-27T11:07:57+00:00","og_image":[{"width":1024,"height":1280,"url":"https:\/\/www.strelli.be\/wp-content\/uploads\/2025\/09\/mer40tc.jpg","type":"image\/jpeg"}],"twitter_card":"summary_large_image","twitter_misc":{"Geschatte leestijd":"1 minuut"},"schema":{"@context":"https:\/\/schema.org","@graph":[{"@type":"WebPage","@id":"https:\/\/www.strelli.be\/nl\/shop\/sjaal\/blackwhite\/k-mer40\/","url":"https:\/\/www.strelli.be\/nl\/shop\/sjaal\/blackwhite\/k-mer40\/","name":"Echarpe unisexe tiss\u00e9e en laine, dessin ethnique Aqua - Strelli","isPartOf":{"@id":"https:\/\/www.strelli.be\/#website"},"primaryImageOfPage":{"@id":"https:\/\/www.strelli.be\/nl\/shop\/sjaal\/blackwhite\/k-mer40\/#primaryimage"},"image":{"@id":"https:\/\/www.strelli.be\/nl\/shop\/sjaal\/blackwhite\/k-mer40\/#primaryimage"},"thumbnailUrl":"https:\/\/www.strelli.be\/wp-content\/uploads\/2025\/09\/mer40tc.jpg","datePublished":"2025-09-11T14:38:02+00:00","dateModified":"2025-11-27T11:07:57+00:00","description":"\u00c9charpe unisexe tiss\u00e9e en laine dessins ethnique Aqua, r\u00e9f\u00e9rence MER 40, produite en Belgique, marque Olivier Strelli, 70cm x 180cm","breadcrumb":{"@id":"https:\/\/www.strelli.be\/nl\/shop\/sjaal\/blackwhite\/k-mer40\/#breadcrumb"},"inLanguage":"nl-NL","potentialAction":[{"@type":"ReadAction","target":["https:\/\/www.strelli.be\/nl\/shop\/sjaal\/blackwhite\/k-mer40\/"]}]},{"@type":"ImageObject","inLanguage":"nl-NL","@id":"https:\/\/www.strelli.be\/nl\/shop\/sjaal\/blackwhite\/k-mer40\/#primaryimage","url":"https:\/\/www.strelli.be\/wp-content\/uploads\/2025\/09\/mer40tc.jpg","contentUrl":"https:\/\/www.strelli.be\/wp-content\/uploads\/2025\/09\/mer40tc.jpg","width":1024,"height":1280},{"@type":"BreadcrumbList","@id":"https:\/\/www.strelli.be\/nl\/shop\/sjaal\/blackwhite\/k-mer40\/#breadcrumb","itemListElement":[{"@type":"ListItem","position":1,"name":"Accueil","item":"https:\/\/www.strelli.be\/nl\/"},{"@type":"ListItem","position":2,"name":"Winkel","item":"https:\/\/www.strelli.be\/nl\/winkel\/"},{"@type":"ListItem","position":3,"name":"k-mer40"}]},{"@type":"WebSite","@id":"https:\/\/www.strelli.be\/#website","url":"https:\/\/www.strelli.be\/","name":"Olivier Strelli","description":"Les \u00e9charpes tiss\u00e9es, color\u00e9es, cr\u00e9es et fabriqu\u00e9es en Belgique","potentialAction":[{"@type":"SearchAction","target":{"@type":"EntryPoint","urlTemplate":"https:\/\/www.strelli.be\/?s={search_term_string}"},"query-input":{"@type":"PropertyValueSpecification","valueRequired":true,"valueName":"search_term_string"}}],"inLanguage":"nl-NL"}]}},"_links":{"self":[{"href":"https:\/\/www.strelli.be\/nl\/wp-json\/wp\/v2\/product\/16048","targetHints":{"allow":["GET"]}}],"collection":[{"href":"https:\/\/www.strelli.be\/nl\/wp-json\/wp\/v2\/product"}],"about":[{"href":"https:\/\/www.strelli.be\/nl\/wp-json\/wp\/v2\/types\/product"}],"wp:featuredmedia":[{"embeddable":true,"href":"https:\/\/www.strelli.be\/nl\/wp-json\/wp\/v2\/media\/15948"}],"wp:attachment":[{"href":"https:\/\/www.strelli.be\/nl\/wp-json\/wp\/v2\/media?parent=16048"}],"wp:term":[{"taxonomy":"product_brand","embeddable":true,"href":"https:\/\/www.strelli.be\/nl\/wp-json\/wp\/v2\/product_brand?post=16048"},{"taxonomy":"product_cat","embeddable":true,"href":"https:\/\/www.strelli.be\/nl\/wp-json\/wp\/v2\/product_cat?post=16048"},{"taxonomy":"product_tag","embeddable":true,"href":"https:\/\/www.strelli.be\/nl\/wp-json\/wp\/v2\/product_tag?post=16048"}],"curies":[{"name":"wp","href":"https:\/\/api.w.org\/{rel}","templated":true}]}}

https://www.strelli.be/shop/non%20classé/k-mer40/

<p>Echarpe unisexe Tissée 100% Laine, motifs ethniques Aqua colorés</p>

<p>Composition : 100% Laine<br />
Dimension : 70 cm x 180 cm<br />
Made in Belgium<br />
Consigne d’entretien : Nettoyage à sec</p>

<!-- This site is optimized with the Yoast SEO plugin v25.3.1 - https://yoast.com/wordpress/plugins/seo/ -->
<title>Echarpe unisexe tissée en laine, dessin ethnique Aqua - Strelli</title>
<meta name="description" content="Écharpe unisexe tissée en laine dessins ethnique Aqua, référence MER 40, produite en Belgique, marque Olivier Strelli, 70cm x 180cm" />
<meta name="robots" content="index, follow, max-snippet:-1, max-image-preview:large, max-video-preview:-1" />
<link rel="canonical" href="https://www.strelli.be/nl/shop/sjaal/blackwhite/k-mer40/" />
<meta property="og:locale" content="nl_NL" />
<meta property="og:type" content="article" />
<meta property="og:title" content="Echarpe unisexe tissée en laine, dessin ethnique Aqua - Strelli" />
<meta property="og:description" content="Écharpe unisexe tissée en laine dessins ethnique Aqua, référence MER 40, produite en Belgique, marque Olivier Strelli, 70cm x 180cm" />
<meta property="og:url" content="https://www.strelli.be/nl/shop/sjaal/blackwhite/k-mer40/" />
<meta property="og:site_name" content="Olivier Strelli" />
<meta property="article:modified_time" content="2025-11-27T11:07:57+00:00" />
<meta property="og:image" content="https://www.strelli.be/wp-content/uploads/2025/09/mer40tc.jpg" />
	<meta property="og:image:width" content="1024" />
	<meta property="og:image:height" content="1280" />
	<meta property="og:image:type" content="image/jpeg" />
<meta name="twitter:card" content="summary_large_image" />
<meta name="twitter:label1" content="Geschatte leestijd" />
	<meta name="twitter:data1" content="1 minuut" />
<script type="application/ld+json" class="yoast-schema-graph">{"@context":"https://schema.org","@graph":[{"@type":"WebPage","@id":"https://www.strelli.be/nl/shop/sjaal/blackwhite/k-mer40/","url":"https://www.strelli.be/nl/shop/sjaal/blackwhite/k-mer40/","name":"Echarpe unisexe tissée en laine, dessin ethnique Aqua - Strelli","isPartOf":{"@id":"https://www.strelli.be/#website"},"primaryImageOfPage":{"@id":"https://www.strelli.be/nl/shop/sjaal/blackwhite/k-mer40/#primaryimage"},"image":{"@id":"https://www.strelli.be/nl/shop/sjaal/blackwhite/k-mer40/#primaryimage"},"thumbnailUrl":"https://www.strelli.be/wp-content/uploads/2025/09/mer40tc.jpg","datePublished":"2025-09-11T14:38:02+00:00","dateModified":"2025-11-27T11:07:57+00:00","description":"Écharpe unisexe tissée en laine dessins ethnique Aqua, référence MER 40, produite en Belgique, marque Olivier Strelli, 70cm x 180cm","breadcrumb":{"@id":"https://www.strelli.be/nl/shop/sjaal/blackwhite/k-mer40/#breadcrumb"},"inLanguage":"nl-NL","potentialAction":[{"@type":"ReadAction","target":["https://www.strelli.be/nl/shop/sjaal/blackwhite/k-mer40/"]}]},{"@type":"ImageObject","inLanguage":"nl-NL","@id":"https://www.strelli.be/nl/shop/sjaal/blackwhite/k-mer40/#primaryimage","url":"https://www.strelli.be/wp-content/uploads/2025/09/mer40tc.jpg","contentUrl":"https://www.strelli.be/wp-content/uploads/2025/09/mer40tc.jpg","width":1024,"height":1280},{"@type":"BreadcrumbList","@id":"https://www.strelli.be/nl/shop/sjaal/blackwhite/k-mer40/#breadcrumb","itemListElement":[{"@type":"ListItem","position":1,"name":"Accueil","item":"https://www.strelli.be/nl/"},{"@type":"ListItem","position":2,"name":"Winkel","item":"https://www.strelli.be/nl/winkel/"},{"@type":"ListItem","position":3,"name":"k-mer40"}]},{"@type":"WebSite","@id":"https://www.strelli.be/#website","url":"https://www.strelli.be/","name":"Olivier Strelli","description":"Les écharpes tissées, colorées, crées et fabriquées en Belgique","potentialAction":[{"@type":"SearchAction","target":{"@type":"EntryPoint","urlTemplate":"https://www.strelli.be/?s={search_term_string}"},"query-input":{"@type":"PropertyValueSpecification","valueRequired":true,"valueName":"search_term_string"}}],"inLanguage":"nl-NL"}]}</script>
<!-- / Yoast SEO plugin. -->

Echarpe unisexe tissée en laine, dessin ethnique Aqua - Strelli

Écharpe unisexe tissée en laine dessins ethnique Aqua, référence MER 40, produite en Belgique, marque Olivier Strelli, 70cm x 180cm

Les écharpes tissées, colorées, crées et fabriquées en Belgique
